{"id":1167,"date":"2019-11-12T16:06:40","date_gmt":"2019-11-12T15:06:40","guid":{"rendered":"https:\/\/www.massimorocchi.ch\/?page_id=1167"},"modified":"2019-11-12T16:06:40","modified_gmt":"2019-11-12T15:06:40","slug":"datenschutz","status":"publish","type":"page","link":"https:\/\/www.massimorocchi.ch\/lat\/datenschutz\/","title":{"rendered":"Datenschutz"},"content":{"rendered":"<p>Wir freuen uns \u00fcber Ihr Interesse an unserer Dienstleistung. Wir nehmen den Schutz Ihrer personenbezogenen Daten und den transparenten Umgang damit ernst. In dieser Datenschutzerkl\u00e4rung erl\u00e4utern wir, wie wir Personendaten erheben und sonst bearbeiten.<\/p>\n<p>Wichtig: Wenn Sie uns Personendaten anderer Personen (z.B. Familienmitglieder, Daten von Arbeitskollegen) zur Verf\u00fcgung stellen, stellen Sie bitte sicher, dass diese Personen die vorliegende Datenschutzerkl\u00e4rung kennen und teilen Sie uns deren Personendaten nur mit, wenn Sie dies d\u00fcrfen und wenn diese Personendaten korrekt sind.<\/p>\n<h2>1. Kontakt bei datenschutzrechtlichen Anliegen<\/h2>\n<p>Wenn Sie datenschutzrechtliche Anliegen haben, k\u00f6nnen Sie uns gerne unter Massimo Rocchi GmbH, T\u00fcrkheimerstrasse 62, 4055 Basel Schweiz,<br \/>\n+41 (0)61 301 83 33, <a href=\"javascript:secureDecryptAndNavigate('LMnBW6gFDJjvCiTETf3lTFsXFX3XDUb8dHjeNLcC9NvisqErdOeOlL\/1s8uLidUu+Oc8QoqhXDXhQPXGadhTON1Vyb5XNDQknE7Zhw==', '0d536e6c208af20e0f41adfd4f703b182f9b78f46d0d78efc8135d101f082e57')\">team(at)massimorocchi.ch<\/a> kontaktieren.<\/p>\n<h2>2. Allgemeines zur Datenverarbeitung<\/h2>\n<p>Unsere Verarbeitung personenbezogener Daten beschr\u00e4nkt sich auf jene Daten, die zur Bereitstellung einer funktionsf\u00e4higen Internetseite sowie unserer Inhalte und<br \/>\nLeistungen erforderlich sind. Es werden nur solche personenbezogenen Daten erhoben, die f\u00fcr die Durchf\u00fchrung und Abwicklung unserer Aufgaben und Leistungen<br \/>\ntats\u00e4chlich erforderlich sind oder die Sie uns freiwillig zur Verf\u00fcgung gestellt haben. Die Verarbeitung personenbezogener Daten erfolgt nur zu den mit Ihnen vereinbarten Zwecken oder wenn eine sonstige rechtliche Grundlage vorliegt.<\/p>\n<h2>3. Ihre Rechte<\/h2>\n<p>Jede Person hat das Recht, Auskunft \u00fcber die zu ihrer Person gespeicherten Daten zu verlangen. Sie haben ein Recht auf Auskunft \u00fcber<\/p>\n<ul>\n<li>alle zu Ihrer Person in einer Datensammlung vorhandenen Daten, einschliesslich der Angabe, woher sie stammen,<\/li>\n<li>den Zweck der Bearbeitung,<\/li>\n<li>die Kategorie der bearbeiteten Daten,<\/li>\n<li>die Beteiligten an einer Datensammlung und<\/li>\n<li>\u00fcber Personen und Stellen, an die Daten \u00fcbermittelt werden.<\/li>\n<\/ul>\n<p>Ausserdem haben Sie ein Recht auf Berichtigung, Sperrung und L\u00f6schung Ihrer Daten.<\/p>\n<p>Sie haben auch das Recht, eine einmal erteilte Einwilligung zur Nutzung Ihrer personenbezogenen Daten jederzeit zu widerrufen.<\/p>\n<p>Bitte beachten Sie, dass wir uns vorbehalten, unsererseits die gesetzlich vorgesehenen Einschr\u00e4nkungen geltend zu machen, etwa wenn wir zur Aufbewahrung<br \/>\noder Bearbeitung gewisser Daten verpflichtet sind, daran ein \u00fcberwiegendes Interesse haben (soweit wir uns darauf berufen d\u00fcrfen) oder sie f\u00fcr die Geltendmachung<br \/>\nvon Anspr\u00fcchen ben\u00f6tigen. Mehr zu diesem Thema finden Sie unter der Ziffer 5 dieser Datenschutzerkl\u00e4rung.<\/p>\n<h2>4. Pflicht zur Bereitstellung von Personendaten<\/h2>\n<p>Im Rahmen unserer Gesch\u00e4ftsbeziehung m\u00fcssen Sie diejenigen Personendaten bereitstellen, welche f\u00fcr die Aufnahme und Durchf\u00fchrung einer Gesch\u00e4ftsbeziehung<br \/>\nund der Erf\u00fcllung der damit verbundenen vertraglichen Pflichten erforderlich sind (eine gesetzliche Pflicht, uns Daten bereitzustellen, haben Sie i.d.R. nicht).<\/p>\n<p>Ohne diese Daten werden wir i.d.R. nicht in der Lage sein, einen Vertrag mit Ihnen (oder der Stelle oder Person, die Sie vertreten) zu schliessen oder diesen abzuwickeln.<\/p>\n<p>Auch die Webseite kann u.U. nicht vollst\u00e4ndig genutzt werden, wenn gewisse Angaben zur Sicherstellung des Datenverkehrs (wie z.B. IP-Adresse) nicht offengelegt wird.<\/p>\n<h2>5. Aufbewahrung von Daten<\/h2>\n<p>Wir verarbeiten und speichern Ihre Personendaten, solange es f\u00fcr die Erf\u00fcllung unserer vertraglichen und gesetzlichen Pflichten oder sonst die mit der Bearbeitung<br \/>\nverfolgten Zwecke erforderlich ist, d.h. also zum Beispiel f\u00fcr die Dauer der gesamten Gesch\u00e4ftsbeziehung (von der Anbahnung, Abwicklung bis zur Beendigung eines<br \/>\nVertrags) sowie dar\u00fcber hinaus gem\u00e4ss den gesetzlichen Aufbewahrungs- und Dokumentationspflichten.<\/p>\n<p>Dabei ist es m\u00f6glich, dass Personendaten f\u00fcr die Zeit aufbewahrt werden, in der Anspr\u00fcche gegen unser Unternehmen geltend gemacht werden k\u00f6nnen und soweit wir anderweitig gesetzlich dazu verpflichtet sind oder berechtigte Gesch\u00e4ftsinteressen dies erfordern (z.B. f\u00fcr Beweis- und Dokumentationszwecke).<\/p>\n<p>Sobald Ihre Personendaten f\u00fcr die oben genannten Zwecke nicht mehr erforderlich sind, werden nicht mehr verarbeitet.<\/p>\n<p>S\u00e4mtliche E-Mails an und von Massimo Rocchi GmbH werden lokal bei Massimo Rocchi GmbH in der Schweiz archiviert.<br \/>\nDie E-Mails werden nicht auf dem Server des Hosters aufbewahrt.<\/p>\n<p>Wir f\u00fchren keine Kundendatenbanken.<\/p>\n<h2>6. Beschreibung und Umfang der Datenverarbeitung<\/h2>\n<h3>6.1 Allgemein<\/h3>\n<p>Unsere Verarbeitung personenbezogener Daten beschr\u00e4nkt sich auf jede Daten, die zur Bereitstellung einer funktionsf\u00e4higen Internetseite sowie unserer Inhalte und Leistungen erforderlich sind. Es werden nur solche personenbezogenen Daten erhoben, die f\u00fcr die Durchf\u00fchrung und Abwicklung unserer Aufgaben und Leistungen tats\u00e4chlich erforderlich sind oder die Sie uns freiwillig zur Verf\u00fcgung gestellt haben.<\/p>\n<p>Die Verarbeitung personenbezogener Daten erfolgt nur zu den mit Ihnen vereinbarten Zwecken oder wenn eine sonstige rechtliche Grundlage vorliegt.<\/p>\n<h3>6.2 Zugriffsdaten<\/h3>\n<p>Der Seitenprovider (<a href=\"https:\/\/www.cyon.ch\" target=\"_blank\" rel=\"noopener noreferrer\">Cyon GmbH<\/a>) erhebt Daten \u00fcber Zugriffe auf die Seite uns speichert diese als \u201eServer-Logfiles\u201c ab. Folgende Daten werden so protokolliert:<\/p>\n<ul>\n<li>Besuchte Website<\/li>\n<li>Uhrzeit zum Zeitpunkt des Zugriffes<\/li>\n<li>Menge der gesendeten Daten in Bytes<\/li>\n<li>Quelle\/Verweis, vom welchem Sie auf die Seite gelangen<\/li>\n<li>Verwendeter Browser<\/li>\n<li>Verwendetes Betriebssystem<\/li>\n<li>Verwendete IP-Adresse<\/li>\n<\/ul>\n<p>Die erhobenen Daten dienen lediglich statistischen Auswertungen und zur Verbesserung der Website. Der Websitebetreiber beh\u00e4lt sich vor, die Server-Logfiles<br \/>\nnachtr\u00e4glich zu \u00fcberpr\u00fcfen, sollten konkrete Anhaltspunkte auf eine rechtswidrige Nutzung hinweisen.<\/p>\n<h3>6.3 Kontaktaufnahme<\/h3>\n<p>F\u00fcllen Sie ein Formular auf unserer Webseite aus oder senden Sie uns eine E-Mail oder eine sonstige elektronische Nachricht, werden Ihre Angaben nur f\u00fcr die<br \/>\nBearbeitung der Anfrage und m\u00f6gliche damit zusammenh\u00e4ngende weitere Fragen gespeichert und nur im Rahmen der Anfrage verwendet. Ihre Angaben werden<br \/>\nnicht zu Webezwecke verwendet.<\/p>\n<h3>6.4 Presse-Download-Portal<\/h3>\n<p>\u00dcber unser Presse-Portal k\u00f6nnen Medienschaffende verschiedene Dokumente, insbesondere Bilder downloaden. F\u00fcr den Zugang zum Presseportal wird eine E-Mail sowie ein Passwort ben\u00f6tigt. Das Passwort kann telefonisch oder via Kontaktformular bei uns angefordert werden. Bei Anfrage via Kontaktformular werden<br \/>\nfolgende Angaben abgefragt: Name, Vorname, Name des Mediums (z.B. NZZ), Telefonnummer und E-Mail Adresse. Diese Angaben sind jedoch freiwillig. F\u00fcr die Freigabe des Zugangs ben\u00f6tigen wir lediglich die Angabe einer E-Mail Adresse. Das Passwort wird per E-Mail an den Interessenten gesandt. Diese E-Mail wird bei uns f\u00fcr die Freigabe des Portals gespeichert aber nicht anderweitig verwendet, weiter verarbeitet oder an Dritte \u00fcbermittelt. Wir analysieren insbesondere nicht, wie oft via einer bestimmten E-Mail Adresse das Passwort abgefragt wird. Die E-Mail Adresse wird nicht zu Werbezwecken oder zu sonstigen Korrespondenz mit dem Interessenten verwendet.<\/p>\n<p>Das Login zum Presseportal erfolgt mit der angegebenen E-Mail Adresse sowie dem Passwort. Die Massimo Rocchi GmbH erh\u00e4lt bei jedem Login eine automatische E-Mail Benachrichtigung, welche E-Mail Adresse auf das Presse-Download-Portal zugegriffen hat. Dieses Benachrichtigungs-E-Mail wird bei uns gespeichert aber nicht verwendet, weiter verarbeitet oder an Dritte \u00fcbermittelt. Wir analysieren insbesondere nicht, wie oft via einer bestimmten E-Mail Adresse auf das Presseportal zugegriffen wird.<\/p>\n<h2>7. Datenweitergabe an Dritte<\/h2>\n<p>Ihre von uns erhobenen Personendaten werden nicht an Dritte weitergeben, sofern dies f\u00fcr die Erf\u00fcllung unserer Gesch\u00e4ftsbeziehung mit Ihnen nicht notwendig ist.<br \/>\nIn solchen F\u00e4llen werden Sie aber von uns \u00fcber die Weitergabe der Daten informiert. Vorbehalten bleibt die Herausgabepflicht gegen\u00fcber Beh\u00f6rden und Amtsstellen<br \/>\nim konkreten Einzelfall.<\/p>\n<h2>8. Massnahmen zum Schutz Ihrer Daten<\/h2>\n<p>Wir setzen geeignete technische und organisatorische Massnahmen ein, um Ihre Personendaten vor Verlust und unberechtigtem Zugriff zu sch\u00fctzen. Wir \u00fcberpr\u00fcfen<br \/>\nunsere Sicherheitsmassnahmen regelm\u00e4ssig, um sicherzustellen, dass Ihre Daten gesch\u00fctzt sind.<\/p>\n<h2>9. \u00c4nderung der Datenschutzerkl\u00e4rung<\/h2>\n<p>Wir k\u00f6nnen diese Datenschutzerkl\u00e4rung jederzeit ohne Vorank\u00fcndigung anpassen. Es gilt die jeweils aktuelle, auf unserer Website publizierte Fassung. Soweit die Daten schutzerkl\u00e4rung Teil einer Vereinbarung mit Ihnen ist, werden wir Sie im Falle einer Aktualisierung \u00fcber die \u00c4nderung per E-Mail oder auf andere geeignete Weise<br \/>\ninformieren.<\/p>\n<p>\u00a9 Massimo Rocchi\u00ae GmbH, Basel<\/p>\n","protected":false},"excerpt":{"rendered":"<p>Wir freuen uns \u00fcber Ihr Interesse an unserer Dienstleistung. Wir nehmen den Schutz Ihrer personenbezogenen Daten und den transparenten Umgang damit ernst. In dieser Datenschutzerkl\u00e4rung erl\u00e4utern wir, wie wir Personendaten erheben und sonst bearbeiten. Wichtig: Wenn Sie uns Personendaten anderer Personen (z.B. Familienmitglieder, Daten von Arbeitskollegen) zur Verf\u00fcgung stellen, stellen Sie bitte sicher, dass diese [&hellip;]<\/p>\n","protected":false},"author":1,"featured_media":0,"parent":0,"menu_order":999,"comment_status":"closed","ping_status":"closed","template":"","meta":{"_acf_changed":false,"inline_featured_image":false,"footnotes":"","_links_to":"","_links_to_target":""},"class_list":["post-1167","page","type-page","status-publish","hentry"],"acf":[],"_links":{"self":[{"href":"https:\/\/www.massimorocchi.ch\/lat\/wp-json\/wp\/v2\/pages\/1167","targetHints":{"allow":["GET"]}}],"collection":[{"href":"https:\/\/www.massimorocchi.ch\/lat\/wp-json\/wp\/v2\/pages"}],"about":[{"href":"https:\/\/www.massimorocchi.ch\/lat\/wp-json\/wp\/v2\/types\/page"}],"author":[{"embeddable":true,"href":"https:\/\/www.massimorocchi.ch\/lat\/wp-json\/wp\/v2\/users\/1"}],"replies":[{"embeddable":true,"href":"https:\/\/www.massimorocchi.ch\/lat\/wp-json\/wp\/v2\/comments?post=1167"}],"version-history":[{"count":1,"href":"https:\/\/www.massimorocchi.ch\/lat\/wp-json\/wp\/v2\/pages\/1167\/revisions"}],"predecessor-version":[{"id":1168,"href":"https:\/\/www.massimorocchi.ch\/lat\/wp-json\/wp\/v2\/pages\/1167\/revisions\/1168"}],"wp:attachment":[{"href":"https:\/\/www.massimorocchi.ch\/lat\/wp-json\/wp\/v2\/media?parent=1167"}],"curies":[{"name":"wp","href":"https:\/\/api.w.org\/{rel}","templated":true}]}}